{"id":629,"date":"2026-02-15T11:03:07","date_gmt":"2026-02-15T10:03:07","guid":{"rendered":"https:\/\/www.milleniumgamingcup.fr\/?page_id=629"},"modified":"2026-03-08T10:06:51","modified_gmt":"2026-03-08T09:06:51","slug":"mgc-2027","status":"publish","type":"page","link":"https:\/\/www.milleniumgamingcup.fr\/index.php\/mgc-2027\/","title":{"rendered":"\ud83c\udfaeMGC 2027\ud83c\udfae"},"content":{"rendered":"\n<p class=\"has-text-align-center\"><style type='text\/css'>.wpcdt-timer-632 .wpcdt-clock{max-width: 750px;}<\/style>\n<div class=\"wpcdt-wrap wpcdt-timer-wrap wpcdt-clearfix  wpcdt-timer-circle wpcdt-timer-632\" data-conf=\"{&quot;current_date&quot;:&quot;2026-04-24 16:15:06&quot;,&quot;expiry_date&quot;:&quot;2027-03-12 09:30:00&quot;,&quot;timercircle_animation&quot;:&quot;smooth&quot;,&quot;timercircle_width&quot;:0.1,&quot;timer_bg_width&quot;:1.2,&quot;timer_bgclr&quot;:&quot;#313332&quot;,&quot;timer_day_bgclr&quot;:&quot;#e3be32&quot;,&quot;timer_hour_bgclr&quot;:&quot;#36b0e3&quot;,&quot;timer_minute_bgclr&quot;:&quot;#75bf44&quot;,&quot;timer_second_bgclr&quot;:&quot;#66c5af&quot;,&quot;day_text&quot;:&quot;Days&quot;,&quot;hour_text&quot;:&quot;Hours&quot;,&quot;minute_text&quot;:&quot;Minutes&quot;,&quot;second_text&quot;:&quot;Seconds&quot;,&quot;is_days&quot;:1,&quot;is_hours&quot;:1,&quot;is_minutes&quot;:1,&quot;is_seconds&quot;:1}\">\n\t<div class=\"wpcdt-timer-inr wpcdt-timer wpcdt-timer-js\" id=\"wpcdt-timer-1\" data-id=\"632\">\n\t\t<div class=\"wpcdt-clock wpcdt-clock-circle\" data-timer=\"27796494\"><\/div>\n\t<\/div>\n<\/div><\/p>\n\n\n\n<p>Cette page est en construction. Aucune des informations pr\u00e9sentes sur celle-ci ne sont, pour le moment, \u00e0 prendre en compte. Merci pour votre compr\u00e9hension. Retenez juste qu&rsquo;une nouvelle \u00e9dition aura lieu en 2027.<\/p>\n","protected":false},"excerpt":{"rendered":"<p>Cette page est en construction. Aucune des informations pr\u00e9sentes sur celle-ci ne sont, pour le moment, \u00e0 prendre en compte. Merci pour votre compr\u00e9hension. Retenez juste qu&rsquo;une nouvelle \u00e9dition aura lieu en 2027.<span class=\"more-link\"><a href=\"https:\/\/www.milleniumgamingcup.fr\/index.php\/mgc-2027\/\">Continue Reading<\/a><\/span><\/p>\n","protected":false},"author":1,"featured_media":0,"parent":0,"menu_order":0,"comment_status":"closed","ping_status":"closed","template":"","meta":{"footnotes":""},"class_list":["entry","author-grostony","post-629","page","type-page","status-publish"],"_links":{"self":[{"href":"https:\/\/www.milleniumgamingcup.fr\/index.php\/wp-json\/wp\/v2\/pages\/629","targetHints":{"allow":["GET"]}}],"collection":[{"href":"https:\/\/www.milleniumgamingcup.fr\/index.php\/wp-json\/wp\/v2\/pages"}],"about":[{"href":"https:\/\/www.milleniumgamingcup.fr\/index.php\/wp-json\/wp\/v2\/types\/page"}],"author":[{"embeddable":true,"href":"https:\/\/www.milleniumgamingcup.fr\/index.php\/wp-json\/wp\/v2\/users\/1"}],"replies":[{"embeddable":true,"href":"https:\/\/www.milleniumgamingcup.fr\/index.php\/wp-json\/wp\/v2\/comments?post=629"}],"version-history":[{"count":6,"href":"https:\/\/www.milleniumgamingcup.fr\/index.php\/wp-json\/wp\/v2\/pages\/629\/revisions"}],"predecessor-version":[{"id":671,"href":"https:\/\/www.milleniumgamingcup.fr\/index.php\/wp-json\/wp\/v2\/pages\/629\/revisions\/671"}],"wp:attachment":[{"href":"https:\/\/www.milleniumgamingcup.fr\/index.php\/wp-json\/wp\/v2\/media?parent=629"}],"curies":[{"name":"wp","href":"https:\/\/api.w.org\/{rel}","templated":true}]}}