{"id":34,"date":"2025-11-03T13:44:18","date_gmt":"2025-11-03T12:44:18","guid":{"rendered":"https:\/\/www.milleniumgamingcup.fr\/?page_id=34"},"modified":"2026-04-11T09:43:43","modified_gmt":"2026-04-11T07:43:43","slug":"mgc-2025","status":"publish","type":"page","link":"https:\/\/www.milleniumgamingcup.fr\/index.php\/mgc-2025\/","title":{"rendered":"\ud83c\udfaeMGC 2025\ud83c\udfae"},"content":{"rendered":"<div class=\"wp-block-image\">\n<figure class=\"aligncenter size-medium\"><img loading=\"lazy\" decoding=\"async\" width=\"214\" height=\"300\" src=\"https:\/\/www.milleniumgamingcup.fr\/wp-content\/uploads\/2025\/11\/img_6350-1-214x300.jpg\" alt=\"\" class=\"wp-image-83\" srcset=\"https:\/\/www.milleniumgamingcup.fr\/wp-content\/uploads\/2025\/11\/img_6350-1-214x300.jpg 214w, https:\/\/www.milleniumgamingcup.fr\/wp-content\/uploads\/2025\/11\/img_6350-1-729x1024.jpg 729w, https:\/\/www.milleniumgamingcup.fr\/wp-content\/uploads\/2025\/11\/img_6350-1-768x1078.jpg 768w, https:\/\/www.milleniumgamingcup.fr\/wp-content\/uploads\/2025\/11\/img_6350-1-1094x1536.jpg 1094w, https:\/\/www.milleniumgamingcup.fr\/wp-content\/uploads\/2025\/11\/img_6350-1-392x550.jpg 392w, https:\/\/www.milleniumgamingcup.fr\/wp-content\/uploads\/2025\/11\/img_6350-1-356x500.jpg 356w, https:\/\/www.milleniumgamingcup.fr\/wp-content\/uploads\/2025\/11\/img_6350-1.jpg 1290w\" sizes=\"auto, (max-width: 214px) 100vw, 214px\" \/><figcaption class=\"wp-element-caption\">MGC 2025<\/figcaption><\/figure><\/div>\n\n\n<p>Cette premi\u00e8re \u00e9dition \u00e0 eu lieux le 08 Mars 2025 dans les locaux de la maison des jeunes de la Fare les Oliviers. <strong><mark style=\"background-color:rgba(0, 0, 0, 0)\" class=\"has-inline-color has-accent-color\">Elle est donc termin\u00e9e<\/mark><\/strong>.<\/p>\n\n\n\n<p>Certaines histoires naissent sur un coup de t\u00eate, une id\u00e9e qui surgit sans pr\u00e9venir et qui nous fait dire : \u201c<strong><mark style=\"background-color:rgba(0, 0, 0, 0)\" class=\"has-inline-color has-accent-color\">Allez, on y va !<\/mark><\/strong>\u201d. En deux temps trois mouvements, avec un peu de bric, de broc et beaucoup de bonne volont\u00e9, on met tout \u00e7a en marche. Parfois \u00e7a d\u00e9colle, parfois \u00e7a capote. Cette fois, la cr\u00e9ation de MGC, elle, a pris son envol comme un mistral en plein mois d\u2019ao\u00fbt !<\/p>\n\n\n\n<p>Malheureusement, nous n&rsquo;avons pas pris l&rsquo;initiative de conserver suffisamment de choses adapt\u00e9es pour compl\u00e9ter cette page. L&rsquo;id\u00e9e du site internet n&rsquo;est venue que plusieurs mois apr\u00e8s.<\/p>\n\n\n\n<p>Quoi qu&rsquo;il en soit, nous gardons un <strong><mark style=\"background-color:rgba(0, 0, 0, 0)\" class=\"has-inline-color has-accent-color\">excellent souvenir et nous sommes plus motiv\u00e9s que jamais<\/mark><\/strong>.<\/p>\n\n\n\n<p>Un grand <strong><mark style=\"background-color:rgba(0, 0, 0, 0)\" class=\"has-inline-color has-accent-color\">merci \u00e0 tous<\/mark><\/strong> pour votre participation et revenez pour l&rsquo;ann\u00e9e prochaine. Nous, nous serons l\u00e0.<\/p>\n\n\n<style type=\"text\/css\">\n#foogallery-gallery-61 .fg-image { width: 270px; }\n#foogallery-gallery-61 { --fg-gutter: 10px; }<\/style>\n\t\t\t<div class=\"foogallery foogallery-container foogallery-default foogallery-lightbox-foogallery fg-center fg-default fg-ready fg-light fg-shadow-medium fg-loading-default fg-loaded-fade-in fg-preset fg-brad fg-preset-small fg-preset fg-brad fg-preset-small\" id=\"foogallery-gallery-61\" data-foogallery=\"{&quot;item&quot;:{&quot;showCaptionTitle&quot;:true,&quot;showCaptionDescription&quot;:true},&quot;lazy&quot;:true}\" data-foogallery-lightbox=\"{&quot;thumbs&quot;:&quot;bottom&quot;,&quot;thumbsCaptions&quot;:false,&quot;thumbsBestFit&quot;:false,&quot;thumbsSmall&quot;:false,&quot;thumbsCaptionsAlign&quot;:&quot;default&quot;,&quot;info&quot;:&quot;bottom&quot;,&quot;infoVisible&quot;:true,&quot;infoOverlay&quot;:true,&quot;infoAlign&quot;:&quot;default&quot;,&quot;transition&quot;:&quot;fade&quot;,&quot;hoverButtons&quot;:false,&quot;fitMedia&quot;:false,&quot;noScrollbars&quot;:true,&quot;preserveButtonSpace&quot;:true,&quot;buttons&quot;:{&quot;fullscreen&quot;:true,&quot;info&quot;:true,&quot;thumbs&quot;:false},&quot;video&quot;:{&quot;autoPlay&quot;:true}}\" >\n\t<div class=\"fg-item fg-type-image fg-idle\"><figure class=\"fg-item-inner\"><a href=\"https:\/\/www.milleniumgamingcup.fr\/wp-content\/uploads\/2025\/11\/65ad9cb6-52cd-4091-ae9c-048e3d144773-1152x1536-1.jpeg\" data-attachment-id=\"62\" data-type=\"image\" class=\"fg-thumb\"><span class=\"fg-image-wrap\"><img fetchpriority=\"high\" decoding=\"async\" width=\"270\" height=\"230\" class=\"skip-lazy fg-image\" data-src-fg=\"https:\/\/www.milleniumgamingcup.fr\/wp-content\/uploads\/cache\/2025\/11\/65ad9cb6-52cd-4091-ae9c-048e3d144773-1152x1536-1\/1995036079.jpeg\" src=\"data:image\/svg+xml,%3Csvg%20xmlns%3D%22http%3A%2F%2Fwww.w3.org%2F2000%2Fsvg%22%20width%3D%22270%22%20height%3D%22230%22%20viewBox%3D%220%200%20270%20230%22%3E%3C%2Fsvg%3E\" loading=\"eager\"><\/span><span class=\"fg-image-overlay\"><\/span><\/a><\/figure><div class=\"fg-loader\"><\/div><\/div><div class=\"fg-item fg-type-image fg-idle\"><figure class=\"fg-item-inner\"><a href=\"https:\/\/www.milleniumgamingcup.fr\/wp-content\/uploads\/2025\/11\/87ff9f79-6b55-4be4-8a5f-6d2564d952b0-1-1152x1536-1.jpg\" data-attachment-id=\"63\" data-type=\"image\" class=\"fg-thumb\"><span class=\"fg-image-wrap\"><img decoding=\"async\" width=\"270\" height=\"230\" class=\"skip-lazy fg-image\" data-src-fg=\"https:\/\/www.milleniumgamingcup.fr\/wp-content\/uploads\/cache\/2025\/11\/87ff9f79-6b55-4be4-8a5f-6d2564d952b0-1-1152x1536-1\/1218765458.jpg\" src=\"data:image\/svg+xml,%3Csvg%20xmlns%3D%22http%3A%2F%2Fwww.w3.org%2F2000%2Fsvg%22%20width%3D%22270%22%20height%3D%22230%22%20viewBox%3D%220%200%20270%20230%22%3E%3C%2Fsvg%3E\" loading=\"eager\"><\/span><span class=\"fg-image-overlay\"><\/span><\/a><\/figure><div class=\"fg-loader\"><\/div><\/div><div class=\"fg-item fg-type-image fg-idle\"><figure class=\"fg-item-inner\"><a href=\"https:\/\/www.milleniumgamingcup.fr\/wp-content\/uploads\/2025\/11\/91f9266e-a42a-44b0-8847-45141bb494a7-1-225x300-1.jpg\" data-attachment-id=\"64\" data-type=\"image\" class=\"fg-thumb\"><span class=\"fg-image-wrap\"><img decoding=\"async\" width=\"270\" height=\"230\" class=\"skip-lazy fg-image\" data-src-fg=\"https:\/\/www.milleniumgamingcup.fr\/wp-content\/uploads\/cache\/2025\/11\/91f9266e-a42a-44b0-8847-45141bb494a7-1-225x300-1\/3325770971.jpg\" src=\"data:image\/svg+xml,%3Csvg%20xmlns%3D%22http%3A%2F%2Fwww.w3.org%2F2000%2Fsvg%22%20width%3D%22270%22%20height%3D%22230%22%20viewBox%3D%220%200%20270%20230%22%3E%3C%2Fsvg%3E\" loading=\"eager\"><\/span><span class=\"fg-image-overlay\"><\/span><\/a><\/figure><div class=\"fg-loader\"><\/div><\/div><div class=\"fg-item fg-type-image fg-idle\"><figure class=\"fg-item-inner\"><a href=\"https:\/\/www.milleniumgamingcup.fr\/wp-content\/uploads\/2025\/11\/a1d37287-cd98-4027-98a0-f8ab7c083140-1-768x1024-1.jpg\" data-attachment-id=\"65\" data-type=\"image\" class=\"fg-thumb\"><span class=\"fg-image-wrap\"><img decoding=\"async\" width=\"270\" height=\"230\" class=\"skip-lazy fg-image\" data-src-fg=\"https:\/\/www.milleniumgamingcup.fr\/wp-content\/uploads\/cache\/2025\/11\/a1d37287-cd98-4027-98a0-f8ab7c083140-1-768x1024-1\/2506767024.jpg\" src=\"data:image\/svg+xml,%3Csvg%20xmlns%3D%22http%3A%2F%2Fwww.w3.org%2F2000%2Fsvg%22%20width%3D%22270%22%20height%3D%22230%22%20viewBox%3D%220%200%20270%20230%22%3E%3C%2Fsvg%3E\" loading=\"eager\"><\/span><span class=\"fg-image-overlay\"><\/span><\/a><\/figure><div class=\"fg-loader\"><\/div><\/div><div class=\"fg-item fg-type-image fg-idle\"><figure class=\"fg-item-inner\"><a href=\"https:\/\/www.milleniumgamingcup.fr\/wp-content\/uploads\/2025\/11\/img_6678.jpg\" data-attachment-id=\"71\" data-type=\"image\" class=\"fg-thumb\"><span class=\"fg-image-wrap\"><img decoding=\"async\" width=\"270\" height=\"230\" class=\"skip-lazy fg-image\" data-src-fg=\"https:\/\/www.milleniumgamingcup.fr\/wp-content\/uploads\/cache\/2025\/11\/img_6678\/677633084.jpg\" src=\"data:image\/svg+xml,%3Csvg%20xmlns%3D%22http%3A%2F%2Fwww.w3.org%2F2000%2Fsvg%22%20width%3D%22270%22%20height%3D%22230%22%20viewBox%3D%220%200%20270%20230%22%3E%3C%2Fsvg%3E\" loading=\"eager\"><\/span><span class=\"fg-image-overlay\"><\/span><\/a><\/figure><div class=\"fg-loader\"><\/div><\/div><div class=\"fg-item fg-type-image fg-idle\"><figure class=\"fg-item-inner\"><a href=\"https:\/\/www.milleniumgamingcup.fr\/wp-content\/uploads\/2025\/11\/img_6697-1-465x550-1.jpg\" data-attachment-id=\"72\" data-type=\"image\" class=\"fg-thumb\"><span class=\"fg-image-wrap\"><img decoding=\"async\" width=\"270\" height=\"230\" class=\"skip-lazy fg-image\" data-src-fg=\"https:\/\/www.milleniumgamingcup.fr\/wp-content\/uploads\/cache\/2025\/11\/img_6697-1-465x550-1\/3304684818.jpg\" src=\"data:image\/svg+xml,%3Csvg%20xmlns%3D%22http%3A%2F%2Fwww.w3.org%2F2000%2Fsvg%22%20width%3D%22270%22%20height%3D%22230%22%20viewBox%3D%220%200%20270%20230%22%3E%3C%2Fsvg%3E\" loading=\"eager\"><\/span><span class=\"fg-image-overlay\"><\/span><\/a><\/figure><div class=\"fg-loader\"><\/div><\/div><div class=\"fg-item fg-type-image fg-idle\"><figure class=\"fg-item-inner\"><a href=\"https:\/\/www.milleniumgamingcup.fr\/wp-content\/uploads\/2025\/11\/47fe1eb6-abe6-47d9-9542-b5ca951844b4-1.jpg\" data-attachment-id=\"69\" data-type=\"image\" class=\"fg-thumb\"><span class=\"fg-image-wrap\"><img decoding=\"async\" width=\"270\" height=\"230\" class=\"skip-lazy fg-image\" data-src-fg=\"https:\/\/www.milleniumgamingcup.fr\/wp-content\/uploads\/cache\/2025\/11\/47fe1eb6-abe6-47d9-9542-b5ca951844b4-1\/2815680665.jpg\" src=\"data:image\/svg+xml,%3Csvg%20xmlns%3D%22http%3A%2F%2Fwww.w3.org%2F2000%2Fsvg%22%20width%3D%22270%22%20height%3D%22230%22%20viewBox%3D%220%200%20270%20230%22%3E%3C%2Fsvg%3E\" loading=\"eager\"><\/span><span class=\"fg-image-overlay\"><\/span><\/a><\/figure><div class=\"fg-loader\"><\/div><\/div><\/div>\n\n","protected":false},"excerpt":{"rendered":"<p>Cette premi\u00e8re \u00e9dition \u00e0 eu lieux le 08 Mars 2025 dans les locaux de la maison des jeunes de la Fare les Oliviers. Elle est donc termin\u00e9e. Certaines histoires naissent sur un coup de t\u00eate, une id\u00e9e qui surgit sans pr\u00e9venir et qui nous fait dire : \u201cAllez, on y<span class=\"more-link\"><a href=\"https:\/\/www.milleniumgamingcup.fr\/index.php\/mgc-2025\/\">Continue Reading<\/a><\/span><\/p>\n","protected":false},"author":1,"featured_media":0,"parent":0,"menu_order":0,"comment_status":"closed","ping_status":"closed","template":"","meta":{"footnotes":""},"class_list":["entry","author-grostony","post-34","page","type-page","status-publish"],"_links":{"self":[{"href":"https:\/\/www.milleniumgamingcup.fr\/index.php\/wp-json\/wp\/v2\/pages\/34","targetHints":{"allow":["GET"]}}],"collection":[{"href":"https:\/\/www.milleniumgamingcup.fr\/index.php\/wp-json\/wp\/v2\/pages"}],"about":[{"href":"https:\/\/www.milleniumgamingcup.fr\/index.php\/wp-json\/wp\/v2\/types\/page"}],"author":[{"embeddable":true,"href":"https:\/\/www.milleniumgamingcup.fr\/index.php\/wp-json\/wp\/v2\/users\/1"}],"replies":[{"embeddable":true,"href":"https:\/\/www.milleniumgamingcup.fr\/index.php\/wp-json\/wp\/v2\/comments?post=34"}],"version-history":[{"count":17,"href":"https:\/\/www.milleniumgamingcup.fr\/index.php\/wp-json\/wp\/v2\/pages\/34\/revisions"}],"predecessor-version":[{"id":770,"href":"https:\/\/www.milleniumgamingcup.fr\/index.php\/wp-json\/wp\/v2\/pages\/34\/revisions\/770"}],"wp:attachment":[{"href":"https:\/\/www.milleniumgamingcup.fr\/index.php\/wp-json\/wp\/v2\/media?parent=34"}],"curies":[{"name":"wp","href":"https:\/\/api.w.org\/{rel}","templated":true}]}}